What is r(5)?
172
Let v(m) = 4*m**3 - 105*m + 479. Calculate v(5).
454
Let r(b) = 6*b**3 + 6*b**2 - 3324*b + 3318. Give r(1).
6
Let x(u) = u**3 + 12*u**2 - 299*u - 1032. What is x(-23)?
26
Let j(p) = -134*p + 5217. Calculate j(38).
125
Let z(l) = 162*l**2 - 68679*l - 3808. Give z(424).
8
Let z(p) = -31*p**2 - 4355*p - 2138. Give z(-140).
-38
Let w(d) = -300*d**2 + 7500*d - 1. Determine w(25).
-1
Let x(n) = -n**2 - 741*n - 87180. Give x(-147).
138
Let v(b) = 6*b**2 - 26*b - 5255. Determine v(-44).
7505
Let s(u) = -3*u**2 - 1157*u - 5742. Determine s(-5).
-32
Let i(x) = -5403*x - 5472. What is i(-1)?
-69
Let c(j) = -j**2 - 3130*j + 88424. Calculate c(28).
0
Let z(w) = -58*w**2 - 11251*w + 34483. Determine z(-197).
8
Let a(w) = -75*w**2 + 8797*w - 2571. Give a(117).
3
Let u(a) = -63*a**2 + 12*a + 16. Give u(1).
-35
Let h(t) = 1680*t - 18691. Determine h(11).
-211
Let h(p) = 2*p**2 + 671*p + 8260. What is h(-323)?
185
Let s(m) = -3840*m**2 + 19214*m + 7. What is s(5)?
77
Let r(c) = 19*c**3 - 106*c**2 + 66*c + 260. Calculate r(3).
17
Let b(p) = -2*p**3 - 50*p**2 + 294*p + 7154. Give b(-25).
-196
Let h(c) = 5*c**3 - 48*c**2 - 89*c + 131. Determine h(11).
-1
Let r(n) = 20*n**2 + 139*n - 597. What is r(8)?
1795
Let c(f) = 15*f**2 + 560*f - 514. What is c(-41)?
1741
Let a(c) = 1305*c - 17695. What is a(13)?
-730
Let k(g) = -2*g**3 - 349*g**2 - 322*g - 25740. What is k(-174)?
12
Let z(d) = 2*d**3 - 529*d**2 - 843*d + 153181. What is z(265)?
11
Let y(f) = 5421*f + 21590. Determine y(-4).
-94
Let k(s) = -13638*s - 1118326. Determine k(-82).
-10
Let w(d) = -4*d**2 + 42*d + 2216. Determine w(28).
256
Let x(w) = 33*w - 2176. Give x(57).
-295
Let u(j) = j**3 - 292*j**2 + 1100*j + 15001. Determine u(288).
25
Let h(b) = 22*b**3 - 172*b**2 - 862*b + 6612. What is h(8)?
-28
Let z(f) = 27*f**2 - 3068*f + 32043. Give z(102).
15
Let x(d) = 15*d**3 - 285*d**2 - 7*d + 113. What is x(19)?
-20
Let x(v) = -9820*v - 20. Calculate x(0).
-20
Let i(b) = -38*b**2 - 2968*b - 321. Give i(-78).
-9
Let v(q) = q**2 - 935916*q - 2807742. Determine v(-3).
15
Let d(r) = 9*r**2 - 5392*r - 82918. What is d(-15)?
-13
Let j(d) = 2*d**3 + 155*d**2 - 22424*d + 159. What is j(74)?
11
Let p(i) = -3*i**3 + i**2 + 428*i + 77. Calculate p(0).
77
Let u(v) = 22*v**2 + 991*v + 11204. What is u(-24)?
92
Let y(b) = 6*b**2 + 954913*b + 954910. Calculate y(-1).
3
Let l(y) = 1872*y + 7468. Determine l(-4).
-20
Let a(g) = -556*g - 4898. Calculate a(-6).
-1562
Let k(h) = 8113*h - 16270. Determine k(2).
-44
Let a(k) = -760*k - 4007. Determine a(-5).
-207
Let l(a) = -a**2 + 123*a + 1260. What is l(142)?
-1438
Let j(w) = 435*w + 20163. Give j(-46).
153
Let h(l) = l**2 + 634*l + 95664. Determine h(-391).
651
Let x(p) = -p**2 - 156*p - 4699. Give x(-38).
-215
Let k(r) = -r**2 - 1080*r - 19108. What is k(-18)?
8
Let d(u) = -u**2 - 140*u + 194973. What is d(-517)?
64
Let c(a) = 16*a**2 - 71*a + 52. What is c(8)?
508
Let b(m) = -63*m**2 + 2508*m + 91. Determine b(40).
-389
Let n(t) = 67*t**2 + 7*t + 7. What is n(-3)?
589
Let v(x) = -19*x**3 - 1788*x**2 - 183*x + 461. What is v(-94)?
-9
Let x(v) = -2*v**2 + 30596*v + 336807. Determine x(-11).
9
Let q(b) = -b**3 - 46*b**2 + 77*b - 873. Calculate q(-48).
39
Let n(a) = 5*a**2 + 160*a - 1008. What is n(9)?
837
Let s(a) = 12548*a + 1568509. Calculate s(-125).
9
Let g(b) = -b**3 - 27*b**2 + 9096*b + 361533. Determine g(-43).
-11
Let p(u) = -6307*u - 43992. Calculate p(-7).
157
Let v(h) = 3*h**3 + 1202*h**2 - 378*h + 9777. Determine v(-401).
554
Let g(p) = -26129*p - 156769. Give g(-6).
5
Let c(g) = -368*g**2 - 1094*g - 10. Determine c(-3).
-40
Let j(t) = -5*t**3 + 724*t**2 - 736*t + 8. Give j(1).
-9
Let z(w) = -34*w**3 + 6*w**2 + 42*w + 11. Calculate z(-4).
2115
Let z(v) = 7*v**3 - 4*v**2 + 80*v + 116. Calculate z(6).
1964
Let g(p) = -16*p**2 + 2109*p - 4955. Determine g(129).
850
Let l(b) = -70*b + 2566. What is l(61)?
-1704
Let c(x) = x**3 + 212*x**2 - 334*x - 70809. Determine c(-212).
-1
Let k(m) = 13615*m - 857731. Give k(63).
14
Let h(a) = 19861*a + 238321. Determine h(-12).
-11
Let q(c) = -c**2 - 10*c + 5311. What is q(68)?
7
Let v(h) = 4868*h - 20418. Give v(3).
-5814
Let i(l) = l**2 + 783*l + 42024. What is i(-58)?
-26
Let f(l) = 2*l**3 - 48*l**2 + 77*l - 932. Determine f(25).
2243
Let h(f) = -f**2 + 175*f - 8943. Determine h(73).
-1497
Let t(u) = 99*u + 12575. Give t(-127).
2
Let g(i) = 633*i**2 - 31638*i + 172. Give g(50).
772
Let p(m) = 21*m**3 + 102*m**2 - 148*m - 30. What is p(-6)?
-6
Let q(a) = a**3 - 22*a**2 + 48*a + 703. What is q(16)?
-65
Let m(h) = -h**2 - 6912*h - 8172582. Give m(-1514).
-10
Let i(h) = 38613*h - 926701. Determine i(24).
11
Let g(d) = 3693*d - 697575. Give g(189).
402
Let j(l) = 16*l**3 - 20*l**2 - 499*l - 1816. What is j(-4)?
-1164
Let y(z) = z**2 + 477*z + 51635. Give y(-167).
-135
Let n(d) = d**3 - 29*d**2 + 170*d + 485. Determine n(18).
-19
Let d(b) = 228*b - 1780. What is d(6)?
-412
Let c(r) = -r**2 - 46232*r + 462429. Calculate c(10).
9
Let u(b) = b**2 + 46460*b - 604114. What is u(13)?
35
Let x(i) = -i**2 + 36664*i - 2269352. Calculate x(62).
-28
Let k(j) = -j**3 + 691*j**2 + 5598*j + 34. Calculate k(-8).
-14
Let x(l) = -2*l**3 + 74*l**2 + 315*l - 482. Determine x(-5).
43
Let z(o) = -6*o**3 + 500*o**2 + 325*o + 482. Determine z(84).
-442
Let g(q) = -8*q**3 - q**2 + 1014*q - 19. Calculate g(0).
-19
Let v(y) = y**2 + 138*y - 3581. Calculate v(22).
-61
Let p(n) = -2*n**3 - 66*n**2 + 187*n + 1548. Determine p(-35).
-97
Let d(r) = 2*r**2 - 69956*r - 1259863. Determine d(-18).
-7
Let x(n) = 2150*n + 6438. Calculate x(-3).
-12
Let u(t) = -39544*t + 79180. Calculate u(2).
92
Let o(i) = 5995*i + 89941. What is o(-15)?
16
Let a(z) = 7*z**2 + 628*z - 487. Determine a(-89).
-932
Let p(s) = -6*s**2 - 404*s - 627. Give p(-66).
-99
Let c(f) = -2*f**2 + 629*f + 10256. Calculate c(330).
26
Let r(z) = -35*z**2 - 2*z - 27. Calculate r(-3).
-336
Let y(x) = -536*x + 257342. Calculate y(480).
62
Let b(m) = -255914*m + 22520434. What is b(88)?
2
Let u(b) = b**3 - 48*b**2 + 617*b + 215. Determine u(28).
1811
Let k(i) = 6*i**2 + 75*i - 565. Give k(10).
785
Let x(a) = -37*a - 2533. Calculate x(-67).
-54
Let v(a) = a**3 + 68*a**2 - 82*a - 260. What is v(-69)?
637
Let d(x) = 20349*x - 224481. Give d(11).
-642
Let b(z) = 87991*z - 21117840. Determine b(240).
0
Let u(j) = -j**3 - 21*j**2 - 108*j - 962. Determine u(-18).
10
Let s(m) = -89784*m - 269358. What is s(-3)?
-6
Let x(u) = 290*u**3 - 3480*u**2 + 17*u - 191. Give x(12).
13
Let t(j) = 7959*j + 50772. Calculate t(-6).
3018
Let i(h) = -8*h**2 + 16*h - 16. Determine i(-10).
-976
Let l(p) = -9*p**2 + 5804*p + 29088. Calculate l(-5).
-157
Let w(x) = -x**2 - 665*x + 49845. Calculate w(68).
1
Let c(y) = -74592*y + 745925. Give c(10).
5
Let a(x) = -20*x**2 + 1901*x - 33125. What is a(23)?
18
Let t(v) = -633*v + 33547. Determine t(53).
-2
Let k(v) = 6*v**2 + 26269*v + 236472. What is k(-9)?
537
Let f(n) = 133491*n + 15751936. What is f(-118)?
-2
Let f(t) = 120*t**2 + 6482*t + 127. Give f(-54).
19
Let l(j) = -2233491*j + 2233493. Give l(1).
2
Let t(s) = 34897*s + 1326119. Determine t(-38).
33
Let i(v) = -2954*v - 20745. Give i(-7).
-67
Let g(k) = 294*k**2 + 122*k + 27. Determine g(-3).
2307
Let l(i) = -7478*i + 163587. What is l(22)?
-929
Let w(t) = -3*t**2 - 333*t + 28790. Give w(57).
62
Let p(m) = -22265*m - 712466. Give p(-32).
14
Let c(l) = -37749*l + 6832581. Calculate c(181).
12
Let h(x) = x**3 - 45*x**2 + 65*x + 5394. Give h(40).
-6
Let h(p) = -p**3 + 36*p**2 - 13*p - 2944. What is h(33)?
-106
Let i(k) = 60*k**2 + 785*k - 1897. Determine i(-15).
-172
Let n(g) = -14048*g + 168566. Calculate n(12).
-10
Let d(i) = -6017*i - 330940. Determine d(-55).
-5
Let y(o) = 2*o**2 + 1558*o + 263938. Calculate y(-530).
-2
Let v(j) = 2*j**3 + 106*j**2 + 260*j + 13849. Determine v(-53).
69
Let y(m) = 31042*m + 248306. Calculate y(-8).
-30
Let v(g) = -4735*g + 137281. Calculate v(29).
-34
Let h(t) = 114*t**2 - 516*t + 572. Calculate h(2).
-4
Let n(a) = a**3 - 119*a**2 + 229*a + 297. Calculate n(117).
-288
Let d(m) = 1135*m + 4713. What is d(-4)?
173
Let z(n) = -60*n**2 + 211*n + 885. What is z(-4)?
-919
Let g(l) = -2*l**3 - 5*l**2 + 407*l + 821. What is g(-2)?
3
Let z(c) = -55*c**2 + 2541*c - 22818. Calculate z(34).
